 7
352
What is 524 (base 7) in base 13?
173
What is 30131 (base 4) in base 2?
1100011101
What is 30e1 (base 16) in base 11?
9446
Convert 7865 (base 13) to base 15.
4eae
What is 16cb7 (base 14) in base 15?
12013
Convert -24706 (base 8) to base 9.
-15602
Convert 499 (base 15) to base 5.
13134
What is -10714 (base 14) in base 2?
-1001101101111110
Convert 17884 (base 12) to base 13.
1268b
-121202 (base 3) to base 2
-111000100
What is 12041 (base 6) in base 11?
1354
31876 (base 10) to base 6
403324
Convert 1000111 (base 2) to base 13.
56
What is 1372 (base 15) in base 3?
12200222
What is e683 (base 15) in base 10?
48723
Convert -30311 (base 5) to base 8.
-3644
Convert -404 (base 14) to base 8.
-1424
Convert -38 (base 9) to base 11.
-32
469b (base 12) to base 11
5a28
What is 316 (base 11) in base 9?
462
16046 (base 9) to base 8
25341
11349 (base 15) to base 2
1101010111011000
Convert 1001101011 (base 2) to base 12.
437
3013013 (base 4) to base 2
11000111000111
Convert 101122112 (base 3) to base 10.
7763
-19319 (base 12) to base 10
-36741
Convert -351 (base 14) to base 13.
-3b9
What is db4 (base 15) in base 7?
12010
Convert -1131 (base 5) to base 7.
-325
Convert -5645 (base 10) to base 8.
-13015
What is -b56 (base 12) in base 6?
-11350
-3130 (base 4) to base 2
-11011100
What is 242341 (base 6) in base 14?
7a97
Convert -1030021 (base 4) to base 6.
-34321
What is 3355 (base 15) in base 12?
6368
What is -1300 (base 14) in base 13?
-1694
-111110000010 (base 2) to base 6
-30214
What is -2130 (base 6) in base 11?
-402
What is 428 (base 11) in base 16?
202
-6384 (base 10) to base 5
-201014
What is -1d25 (base 14) in base 10?
-5325
Convert 9 (base 10) to base 5.
14
Convert -9e81 (base 15) to base 2.
-1000001101101110
What is -8c8 (base 16) in base 12?
-1374
Convert 22333 (base 4) to base 14.
383
What is 7535 (base 9) in base 14?
203a
Convert 16415 (base 7) to base 16.
123b
What is -2b61 (base 15) in base 5?
-244231
What is -2206 (base 11) in base 7?
-11325
Convert 1001100 (base 2) to base 4.
1030
Convert -18418 (base 14) to base 11.
-41a63
What is 1454 (base 8) in base 12?
578
616 (base 15) to base 16
55b
3433 (base 5) to base 12
351
-450 (base 6) to base 8
-256
What is -3885 (base 12) in base 14?
-24bb
What is 2556 (base 7) in base 12?
690
What is -1d01 (base 15) in base 13?
-2b39
-111000001 (base 2) to base 14
-241
What is 38c2 (base 15) in base 10?
12107
What is 1012111210 (base 3) in base 4?
11302110
101100100001011 (base 2) to base 12
11237
16a (base 16) to base 10
362
989d (base 15) to base 10
32323
What is -4246 (base 16) in base 3?
-212021101
1b3 (base 12) to base 10
279
What is 133312 (base 4) in base 14?
a58
2101020012 (base 3) to base 10
46823
Convert -325 (base 11) to base 10.
-390
-102204 (base 6) to base 13
-3a03
What is 166a (base 14) in base 6?
30330
What is 101011101 (base 2) in base 16?
15d
-5030 (base 7) to base 8
-3310
1400d (base 15) to base 9
106874
-3a0 (base 13) to base 14
-337
What is 481 (base 14) in base 13?
540
Convert 1008 (base 12) to base 11.
1339
What is -113123 (base 6) in base 3?
-111101220
143 (base 8) to base 2
1100011
What is 22 (base 10) in base 15?
17
What is -181 (base 13) in base 6?
-1134
101111101110 (base 2) to base 15
d89
-178 (base 13) to base 15
-12d
-897 (base 16) to base 13
-1002
What is 504010 (base 6) in base 13?
15129
What is 211 (base 9) in base 10?
172
Convert -a0 (base 12) to base 6.
-320
-fc5 (base 16) to base 13
-1ab7
What is -310250 (base 7) in base 6?
-1045055
What is -120122 (base 3) in base 14?
-222
What is -3645 (base 7) in base 2?
-10101001100
What is 2204 (base 6) in base 7?
1324
-33 (base 4) to base 14
-11
Convert 5085 (base 13) to base 2.
10101101010110
What is -14ba (base 12) in base 10?
-2446
What is -3b3a (base 13) in base 15?
-27b9
Convert -3855 (base 9) to base 7.
-11261
2b6 (base 14) to base 13
336
Convert -4623 (base 7) to base 4.
-122103
Convert -799a (base 11) to base 3.
-112102110
What is 1000001101110010 (base 2) in base 7?
200051
What is 304 (base 11) in base 15?
197
Convert -3a4 (base 13) to base 5.
-10031
-4e (base 16) to base 10
-78
-12122002 (base 4) to base 13
-bc38
-82 (base 15) to base 16
-7a
5a65 (base 13) to base 3
122111112
What is -5441 (base 6) in base 5?
-14444
What is -b3c (base 14) in base 10?
-2210
Convert 214 (base 15) to base 10.
469
What is -111212 (base 3) in base 6?
-1422
Convert ab8 (base 12) to base 8.
3054
What is 110011010001101 (base 2) in base 11?
187a7
Convert -87a (base 11) to base 3.
-1110002
421 (base 5) to base 4
1233
What is -10352 (base 7) in base 13?
-123b
Convert 21200 (base 3) to base 11.
179
What is -922 (base 12) in base 9?
-1728
What is 4518 (base 12) in base 15?
2402
What is 3021011 (base 4) in base 6?
135325
What is 1204 (base 6) in base 9?
354
Convert -24612 (base 7) to base 15.
-1dbc
What is -1010002 (base 3) in base 7?
-2240
Convert -11414 (base 7) to base 4.
-232013
What is -71 (base 8) in base 3?
-2010
What is 2ad (base 15) in base 6?
2501
Convert 2424 (base 9) to base 2.
11100001100
1002101 (base 3) to base 12
561
What is -1000010000100 (base 2) in base 14?
-1780
Convert -30571 (base 8) to base 4.
-3011321
-1212010 (base 3) to base 16
-549
Convert 29 (base 16) to base 7.
56
4875 (base 14) to base 15
3b32
What is 10451 (base 7) in base 2?
101001001001
2115 (base 6) to base 9
582
-2a0 (base 14) to base 10
-532
Convert 12103101 (base 4) to base 16.
64d1
What is -24135 (base 8) in base 3?
-112011201
What is -1001111111101 (base 2) in base 12?
-2b65
What is 8277 (base 14) in base 8?
53661
441222 (base 6) to base 11
25544
-2041 (base 5) to base 4
-10033
403251 (base 6) to base 4
13301233
Convert 10711 (base 10) to base 2.
10100111010111
-20037 (base 8) to base 3
-102021120
What is -53532 (base 7) in base 16?
-33f6
Convert 35716 (base 8) to base 6.
154514
What is -416 (base 8) in base 7?
-534
-10222101 (base 3) to base 7
-11311
What is 1219 (base 14) in base 8?
6127
Convert -101011111 (base 2) to base 8.
-537
What is -18326 (base 13) in base 16?
-b654
What is 766 (base 14) in base 5?
21322
Convert 1a04 (base 16) to base 11.
5005
Convert 1100 (base 4) to base 11.
73
What is 89 (base 12) in base 8?
151
-1324 (base 8) to base 12
-504
What is 3464 (base 9) in base 12?
15a1
-90a5 (base 11) to base 13
-5674
3130203 (base 4) to base 10
14115
Convert 10020001 (base 3) to base 11.
1847
Convert -2674 (base 9) to base 12.
-11b7
What is -197 (base 13) in base 7?
-566
1c69 (base 14) to base 12
3005
-2cc (base 14) to base 7
-1445
Convert a67a (base 14) to base 3.
1110101212
220 (base 9) to base 4
2310
Convert 1122201 (base 3) to base 11.
9a8
What is -290 (base 15) in base 13?
-360
1030 (base 8) to base 13
323
What is 1288 (base 12) in base 13?
c71
What is 11011212 (base 3) in base 8?
5747
-716a (base 11) to base 7
-36511
What is -2263 (base 9) in base 15?
-76c
Convert 3775 (base 14) to base 2.
10010111101011
100010011 (base 2) to base 5
2100
1221 (base 3) to base 11
48
What is -1641b (base 14) in base 12?
-28289
Convert 596 (base 11) to base 10.
710
-4174 (base 9) to base 6
-22104
What is 1ae (base 15) in base 3?
112102
-28387 (base 9) to base 16
-4b4c
What is 7076 (base 10) in base 7?
26426
Convert -2d3e (base 15) to base 2.
-10011000000110
Convert 244120 (base 5) to base 15.
2b40
What is 44355 (base 10) in base 15?
d220
449 (base 16) to base 5
13342
What is 44 (base 7) in base 8?
40
Convert 1022101 (base 3) to base 11.
799
80 (base 16) to base 3
11202
Convert 360232 (base 7) to base 5.
4034243
Convert -5a86 (base 13) to base 9.
-18475
What is 52432 (base 8) in base 12?
10736
-86 (base 13) to base 6
-302
What is -133 (base 13) in base 16?
-d3
3ad (base 15) to base 9
1131
Convert -101020110 (base 3) to base 13.
-3522
Convert -3304 (base 6) to base 4.
-23320
1130 (base 8) to base 10
600
Convert -5836 (base 11) to base 13.
-3645
What is 4116 (base 9) in base 8?
5704
What is -440 (base 15) in base 5?
-12320
What is 136777 (base 8) in base 12?
24193
Convert 413 (base 8) to base 7.
531
31034 (base 7) to base 5
220241
Convert 57443 (base 9) to base 4.
21111333
What is 6dc (base 14) in base 11?
1036
What is -5069 (base 10) in base 12?
-2b25
What is 21a (base 15) in base 3?
122121
What is 14400 (base 9) in base 7?
40401
What is 222 (base 12) in base 4?
10322
